 of 2964320 and 540?
20
What is the highest common factor of 15453 and 2447937?
909
Calculate the greatest common factor of 59088 and 46128.
48
Calculate the highest common divisor of 55850 and 32425.
25
Calculate the greatest common factor of 31218966 and 6.
6
What is the highest common factor of 82727744 and 143?
11
Calculate the greatest common factor of 128226525 and 28020.
7005
What is the highest common factor of 20558636 and 49?
49
Calculate the highest common divisor of 132 and 11545728.
12
Calculate the highest common factor of 2400 and 7003488.
96
Calculate the greatest common factor of 4837660 and 1640.
20
What is the highest common factor of 3976188 and 108?
12
What is the greatest common divisor of 1146153 and 2769?
213
Calculate the greatest common divisor of 3114522 and 106536.
138
Calculate the highest common divisor of 6386642076 and 17.
17
Calculate the greatest common factor of 623 and 62734.
7
What is the highest common divisor of 8799484 and 2332?
212
Calculate the greatest common divisor of 21851835 and 75.
15
Calculate the highest common divisor of 8890 and 1575562.
254
What is the greatest common factor of 93632 and 2548888?
152
What is the greatest common factor of 63 and 5375013?
21
Calculate the highest common divisor of 3436820 and 9347.
719
Calculate the greatest common factor of 2520 and 412491030.
210
What is the greatest common factor of 5750 and 687250?
250
What is the highest common divisor of 3582 and 191831622?
1194
Calculate the highest common factor of 96 and 1160128.
32
Calculate the highest common divisor of 18436402 and 678.
226
What is the highest common factor of 15373680 and 9240?
840
Calculate the highest common divisor of 56969587 and 3568.
223
Calculate the greatest common factor of 3493085 and 467630.
505
What is the greatest common factor of 274190490 and 18?
18
Calculate the greatest common divisor of 1624 and 333094.
58
Calculate the highest common factor of 12 and 226716891.
3
What is the greatest common factor of 24208 and 36545002?
3026
Calculate the greatest common divisor of 9744267 and 429.
39
What is the highest common factor of 7821867 and 15?
3
What is the greatest common factor of 1410 and 75740970?
1410
What is the greatest common divisor of 69 and 1281175509?
69
What is the highest common divisor of 22078196 and 3108?
1036
Calculate the greatest common factor of 326714 and 507572.
86
Calculate the highest common divisor of 52207 and 3639394.
629
What is the highest common divisor of 19 and 10928249?
19
What is the highest common divisor of 112413 and 978327?
1113
Calculate the greatest common divisor of 1074496 and 40424.
1304
What is the highest common factor of 74562 and 73066?
34
Calculate the greatest common divisor of 14 and 16805495.
7
What is the highest common factor of 3136 and 39984?
784
What is the greatest common factor of 16681036 and 26736?
2228
What is the greatest common factor of 5373 and 233739?
27
Calculate the greatest common factor of 111664 and 1190.
14
Calculate the highest common factor of 4188 and 42276.
12
Calculate the highest common divisor of 33807073 and 43.
43
What is the greatest common factor of 12684914 and 12298?
946
What is the greatest common divisor of 33 and 1818707?
11
Calculate the highest common factor of 92380 and 14900.
2980
Calculate the greatest common factor of 273170 and 192.
2
What is the highest common factor of 1128864 and 53328?
528
What is the greatest common divisor of 30 and 13459164?
6
What is the highest common divisor of 7923599 and 135073?
293
What is the highest common divisor of 5055 and 667280220?
5055
Calculate the highest common divisor of 2164 and 39895504.
2164
Calculate the greatest common divisor of 3621 and 517176567.
3621
Calculate the highest common factor of 2709615 and 1914.
87
What is the greatest common factor of 36156756 and 816?
204
What is the greatest common divisor of 816396 and 188076?
84
What is the highest common factor of 263035370 and 78?
26
Calculate the greatest common divisor of 23658985 and 1190.
595
What is the greatest common factor of 6035 and 366095?
85
What is the highest common factor of 7860 and 133440?
60
Calculate the highest common divisor of 1372 and 49298704.
1372
What is the greatest common divisor of 206952 and 3882?
6
Calculate the highest common divisor of 1380120 and 6361908.
4452
Calculate the greatest common divisor of 1479 and 256807032.
51
Calculate the highest common divisor of 7847663 and 814.
37
Calculate the greatest common factor of 253692 and 1160568.
2916
Calculate the greatest common factor of 345 and 6928980.
345
What is the highest common divisor of 186 and 160350693?
93
Calculate the highest common factor of 74392 and 31484.
68
What is the greatest common divisor of 655616 and 183604?
788
Calculate the greatest common factor of 17903718 and 11130.
2226
Calculate the greatest common factor of 2952 and 24120.
72
What is the highest common divisor of 30800 and 28148120?
3080
Calculate the highest common divisor of 7060 and 2767780.
20
Calculate the greatest common factor of 599527011 and 2573.
2573
What is the highest common divisor of 20733666 and 1914?
174
Calculate the greatest common divisor of 426922041 and 78.
39
Calculate the highest common divisor of 14 and 28249893.
7
What is the highest common factor of 1066199526 and 36?
18
What is the highest common factor of 3215331 and 735?
147
What is the greatest common divisor of 237825 and 3354465?
2265
What is the highest common factor of 6950 and 3703655?
695
What is the highest common divisor of 156481621 and 59607?
6623
What is the highest common factor of 1946 and 2721203?
139
Calculate the highest common divisor of 97392 and 652.
4
Calculate the greatest common factor of 140 and 170595005.
35
What is the greatest common factor of 13630 and 2325090?
470
What is the greatest common factor of 100 and 16381650?
50
Calculate the greatest common divisor of 18622254 and 7.
7
What is the highest common factor of 4182073 and 1147777?
2479
What is the highest common divisor of 12600 and 931375?
25
Calculate the greatest common divisor of 7112610 and 486.
486
Calculate the highest common divisor of 145032888 and 9009.
3003
What is the greatest common divisor of 1526189 and 1700279?
5803
Calculate the highest common factor of 27322814 and 406.
58
What is the greatest common divisor of 117000 and 58980?
60
Calculate the highest common factor of 124586 and 37822368.
1618
Calculate the highest common factor of 260833964 and 123.
41
What is the greatest common factor of 1601110 and 11570?
890
Calculate the highest common factor of 510 and 23946590.
10
What is the greatest common divisor of 6206810 and 28071?
3119
What is the highest common factor of 1312 and 37351?
41
What is the highest common divisor of 845146 and 4?
2
Calculate the greatest common divisor of 9151920 and 3078.
1026
Calculate the highest common divisor of 1803162 and 16942.
86
Calculate the highest common factor of 169737830 and 293.
293
Calculate the highest common factor of 48426 and 448994.
14
Calculate the greatest common factor of 1448 and 919304.
8
What is the greatest common divisor of 1593 and 886829?
59
What is the highest common factor of 87536 and 424?
8
What is the highest common factor of 257982485 and 15?
5
What is the greatest common factor of 978407 and 8592361?
4637
Calculate the highest common factor of 1408 and 15796.
44
Calculate the highest common factor of 197454 and 41736.
6
What is the highest common factor of 226097 and 110716?
311
Calculate the greatest common divisor of 760387 and 53465.
37
What is the greatest common divisor of 28904932 and 1988?
28
Calculate the greatest common divisor of 271579096 and 10280.
2056
Calculate the highest common divisor of 465585144 and 6432.
1608
Calculate the highest common factor of 135853 and 20714791.
1861
What is the highest common factor of 2415 and 416001?
69
Calculate the greatest common factor of 4563 and 4329273.
507
Calculate the greatest common factor of 10047 and 135537379.
3349
Calculate the greatest common divisor of 214 and 62020.
2
What is the highest common factor of 17442 and 3762729?
153
Calculate the highest common factor of 9060 and 114214890.
4530
Calculate the highest 